d 1148?
28
Calculate the highest common factor of 416 and 130.
26
Calculate the greatest common divisor of 640 and 20.
20
What is the highest common factor of 6432 and 72?
24
Calculate the greatest common divisor of 637 and 182.
91
What is the highest common divisor of 24 and 39?
3
Calculate the highest common factor of 3871 and 49.
49
What is the greatest common factor of 180 and 630?
90
Calculate the highest common divisor of 301 and 129.
43
Calculate the greatest common factor of 13708 and 92.
92
Calculate the greatest common factor of 2010 and 690.
30
Calculate the highest common factor of 40 and 250.
10
Calculate the highest common factor of 364 and 140.
28
What is the greatest common divisor of 18 and 363?
3
What is the highest common factor of 9 and 636?
3
Calculate the greatest common divisor of 2604 and 36.
12
Calculate the greatest common divisor of 205 and 10045.
205
Calculate the highest common divisor of 16 and 12.
4
What is the highest common divisor of 81491 and 19?
19
What is the highest common factor of 1053 and 78?
39
Calculate the highest common factor of 29392 and 176.
176
What is the highest common factor of 17 and 34?
17
Calculate the highest common divisor of 2688 and 21.
21
Calculate the greatest common factor of 28 and 6979.
7
What is the greatest common factor of 473 and 43?
43
Calculate the greatest common divisor of 6 and 21234.
6
Calculate the greatest common divisor of 160 and 170.
10
What is the greatest common factor of 708 and 52?
4
What is the highest common factor of 7609 and 21?
7
What is the highest common factor of 136 and 119?
17
Calculate the highest common factor of 84 and 826.
14
Calculate the greatest common factor of 600 and 750.
150
Calculate the greatest common factor of 473 and 688.
43
What is the highest common divisor of 27 and 3429?
27
What is the greatest common factor of 380 and 114?
38
What is the greatest common divisor of 80 and 12?
4
What is the highest common divisor of 240 and 1020?
60
Calculate the highest common divisor of 469 and 335.
67
What is the highest common factor of 123 and 17835?
123
Calculate the highest common factor of 12625 and 500.
125
Calculate the greatest common factor of 517 and 188.
47
What is the greatest common divisor of 144 and 2493?
9
Calculate the greatest common factor of 581 and 332.
83
Calculate the highest common factor of 7 and 427.
7
What is the highest common factor of 78 and 12?
6
Calculate the greatest common divisor of 1124 and 8.
4
What is the greatest common factor of 4795 and 245?
35
What is the highest common factor of 650 and 1417?
13
Calculate the highest common divisor of 178 and 8.
2
What is the highest common divisor of 21660 and 114?
114
What is the greatest common factor of 1664 and 156?
52
What is the highest common factor of 264 and 308?
44
What is the highest common factor of 490 and 20?
10
What is the greatest common factor of 1768 and 2584?
136
Calculate the greatest common factor of 1587 and 46.
23
What is the highest common factor of 21 and 357?
21
What is the greatest common factor of 6 and 15?
3
Calculate the greatest common divisor of 1358 and 14.
14
What is the highest common divisor of 33 and 6?
3
What is the highest common factor of 459 and 17?
17
What is the highest common divisor of 6824 and 16?
8
Calculate the greatest common divisor of 24 and 1696.
8
What is the highest common divisor of 5 and 845?
5
Calculate the highest common divisor of 20 and 652.
4
Calculate the greatest common factor of 43 and 301.
43
What is the highest common divisor of 162 and 2817?
9
What is the greatest common factor of 6 and 134?
2
Calculate the greatest common divisor of 96 and 552.
24
What is the highest common factor of 19260 and 18?
18
What is the highest common factor of 10 and 430?
10
Calculate the highest common divisor of 1566 and 54.
54
What is the greatest common factor of 150 and 726?
6
Calculate the highest common divisor of 21 and 2331.
21
Calculate the highest common divisor of 96 and 74208.
96
Calculate the greatest common factor of 1304 and 6.
2
What is the highest common divisor of 22 and 2486?
22
Calculate the greatest common factor of 28 and 2394.
14
What is the highest common factor of 240 and 32?
16
What is the greatest common factor of 4356 and 77?
11
What is the highest common divisor of 912 and 1254?
114
Calculate the highest common factor of 39 and 34593.
39
What is the highest common factor of 26430 and 6?
6
What is the greatest common factor of 33 and 264?
33
Calculate the greatest common factor of 2624 and 123.
41
What is the highest common divisor of 72 and 1926?
18
What is the greatest common factor of 8 and 1544?
8
Calculate the greatest common divisor of 3600 and 18.
18
Calculate the greatest common divisor of 1177 and 214.
107
Calculate the greatest common factor of 18308 and 92.
92
What is the greatest common factor of 540 and 8820?
180
What is the greatest common divisor of 663 and 2703?
51
Calculate the greatest common factor of 423 and 4841.
47
Calculate the greatest common divisor of 94 and 2585.
47
Calculate the highest common divisor of 104 and 776.
8
Calculate the highest common divisor of 3960 and 132.
132
What is the greatest common factor of 2014 and 106?
106
Calculate the greatest common factor of 15005 and 15.
5
Calculate the highest common divisor of 8 and 1648.
8
Calculate the greatest common divisor of 424 and 32.
8
What is the greatest common divisor of 325 and 13?
13
Calculate the highest common divisor of 17544 and 12.
12
Calculate the greatest common factor of 46 and 3933.
23
What is the highest common factor of 920 and 46?
46
Calculate the greatest common divisor of 133 and 608.
19
Calculate the highest common divisor of 234 and 576.
18
What is the highest common factor of 247 and 475?
19
Calculate the highest common factor of 36 and 168.
12
Calculate the highest common factor of 6 and 2241.
3
Calculate the highest common divisor of 70 and 2170.
70
Calculate the highest common divisor of 616 and 88.
88
Calculate the highest common factor of 36 and 1455.
3
What is the highest common divisor of 221 and 2176?
17
What is the highest common factor of 131 and 7729?
131
Calculate the greatest common divisor of 21 and 8043.
21
What is the greatest common factor of 70 and 54285?
35
What is the highest common factor of 6773 and 13?
13
Calculate the greatest common divisor of 721 and 309.
103
What is the greatest common divisor of 63 and 357?
21
What is the greatest common divisor of 7663 and 97?
97
Calculate the highest common divisor of 14283 and 27.
27
What is the greatest common factor of 24 and 32?
8
Calculate the highest common divisor of 2673 and 6.
3
Calculate the highest common divisor of 12 and 92.
4
Calculate the highest common factor of 20412 and 84.
84
What is the greatest common divisor of 36 and 732?
12
Calculate the greatest common divisor of 5088 and 132.
12
Calculate the greatest common divisor of 82 and 29807.
41
What is the greatest common divisor of 8 and 712?
8
What is the highest common factor of 28 and 35?
7
Calculate the highest common divisor of 7112 and 84.
28
What is the highest common factor of 4000 and 125?
125
What is the greatest common factor of 76 and 988?
76
What is the highest common factor of 21 and 168?
21
Calculate the highest common factor of 60 and 500.
20
Calculate the highest common factor of 62 and 5022.
62
What is the highest common divisor of 9 and 17?
1
Calculate the highest common factor of 72 and 536.
8
Calculate the greatest common factor of 126 and 2800.
14
What is the highest common factor of 32060 and 140?
140
What is the highest common divisor of 28 and 16436?
28
Calculate the highest common divisor of 7 and 763.
7
Calculate the greatest common divisor of 697 and 17.
17
Calculate the greatest common factor of 7811 and 219.
73
Calculate the highest common divisor of 66 and 825.
33
What is the greatest common factor of 99 and 165?
33
What is the greatest common divisor of 58 and 58?
58
What is the highest common factor of 91 and 1547?
91
Calculate the greatest common factor of 156 and 25532.
52
Calculate the highest common divisor of 119 and 901.
17
Calculate the greatest common divisor of 27 and 69.
3
Calculate the highest common factor of 423 